{"version":"1.0","provider_name":"M Inmuebles","provider_url":"https:\/\/minmueblesmorelia.mx\/en","author_name":"textuaCc","author_url":"https:\/\/minmueblesmorelia.mx\/en\/author\/textuacc\/","title":"Local en renta en Avenida Camelinas - M Inmuebles","type":"rich","width":600,"height":338,"html":"<blockquote class=\"wp-embedded-content\" data-secret=\"QQY8xZvLkp\"><a href=\"https:\/\/minmueblesmorelia.mx\/en\/properties\/local-en-renta-en-avenida-camelinas\/\">Local en renta en Avenida Camelinas<\/a><\/blockquote><iframe sandbox=\"allow-scripts\" security=\"restricted\" src=\"https:\/\/minmueblesmorelia.mx\/en\/properties\/local-en-renta-en-avenida-camelinas\/embed\/#?secret=QQY8xZvLkp\" width=\"600\" height=\"338\" title=\"&#8220;Local en renta en Avenida Camelinas&#8221; &#8212; M Inmuebles\" data-secret=\"QQY8xZvLkp\" frameborder=\"0\" marginwidth=\"0\" marginheight=\"0\" scrolling=\"no\" class=\"wp-embedded-content\"><\/iframe><script type=\"text\/javascript\">\n\/* <![CDATA[ *\/\n\/*! This file is auto-generated *\/\n!function(d,l){\"use strict\";l.querySelector&&d.addEventListener&&\"undefined\"!=typeof URL&&(d.wp=d.wp||{},d.wp.receiveEmbedMessage||(d.wp.receiveEmbedMessage=function(e){var t=e.data;if((t||t.secret||t.message||t.value)&&!\/[^a-zA-Z0-9]\/.test(t.secret)){for(var s,r,n,a=l.querySelectorAll('iframe[data-secret=\"'+t.secret+'\"]'),o=l.querySelectorAll('blockquote[data-secret=\"'+t.secret+'\"]'),c=new RegExp(\"^https?:$\",\"i\"),i=0;i<o.length;i++)o[i].style.display=\"none\";for(i=0;i<a.length;i++)s=a[i],e.source===s.contentWindow&&(s.removeAttribute(\"style\"),\"height\"===t.message?(1e3<(r=parseInt(t.value,10))?r=1e3:~~r<200&&(r=200),s.height=r):\"link\"===t.message&&(r=new URL(s.getAttribute(\"src\")),n=new URL(t.value),c.test(n.protocol))&&n.host===r.host&&l.activeElement===s&&(d.top.location.href=t.value))}},d.addEventListener(\"message\",d.wp.receiveEmbedMessage,!1),l.addEventListener(\"DOMContentLoaded\",function(){for(var e,t,s=l.querySelectorAll(\"iframe.wp-embedded-content\"),r=0;r<s.length;r++)(t=(e=s[r]).getAttribute(\"data-secret\"))||(t=Math.random().toString(36).substring(2,12),e.src+=\"#?secret=\"+t,e.setAttribute(\"data-secret\",t)),e.contentWindow.postMessage({message:\"ready\",secret:t},\"*\")},!1)))}(window,document);\n\/* ]]> *\/\n<\/script>","thumbnail_url":"https:\/\/minmueblesmorelia.mx\/wp-content\/uploads\/2026\/02\/FACHADA-LOCAL-DE-CAMELINAS.jpeg","thumbnail_width":1600,"thumbnail_height":1200,"description":"El lugar en donde tu marca se vuelve referencia (PERA\/AVCA).- En el mundo de los negocios, la ubicaci\u00f3n no es solo una direcci\u00f3n, es una declaraci\u00f3n de intenciones. Este majestuoso espacio sobre la Avenida Camelinas, en el coraz\u00f3n de La Loma, ha sido testigo del crecimiento de Morelia y hoy se abre para albergar un nuevo proyecto que busque grandeza. No se trata simplemente ..."}

El lugar en donde tu marca se vuelve referencia (PERA/AVCA).- En el mundo de los negocios, la ubicación no es solo una dirección, es una declaración de intenciones. Este majestuoso espacio sobre la Avenida Camelinas, en el corazón de La Loma, ha sido testigo del crecimiento de Morelia y hoy se abre para albergar un nuevo proyecto que busque grandeza. No se trata simplemente ...
